s the ten thousands digit of 93701091?
0
What is the hundreds digit of 674219933?
9
What is the hundreds digit of 28735126?
1
What is the hundred thousands digit of 71633843?
6
What is the hundred thousands digit of 380632883?
6
What is the units digit of 135458252?
2
What is the hundred millions digit of 238692751?
2
What is the units digit of 2416538197?
7
What is the ten millions digit of 448124383?
4
What is the millions digit of 8631897?
8
What is the ten millions digit of 6188508140?
8
What is the thousands digit of 207831499?
1
What is the units digit of 52328122?
2
What is the hundred millions digit of 1205504634?
2
What is the hundreds digit of 52449009?
0
What is the thousands digit of 948978770?
8
What is the tens digit of 525877355?
5
What is the ten millions digit of 129902452?
2
What is the thousands digit of 4535285670?
5
What is the hundred thousands digit of 1143572688?
5
What is the hundred thousands digit of 15455448?
4
What is the millions digit of 293359355?
3
What is the hundreds digit of 15828527?
5
What is the ten thousands digit of 1608926703?
2
What is the tens digit of 53274409?
0
What is the thousands digit of 107563871?
3
What is the hundreds digit of 138380363?
3
What is the millions digit of 68241816?
8
What is the hundred millions digit of 1753930913?
7
What is the tens digit of 5414752420?
2
What is the thousands digit of 7571353?
1
What is the hundred millions digit of 2988673984?
9
What is the tens digit of 26340941?
4
What is the thousands digit of 15931901?
1
What is the hundreds digit of 34911062?
0
What is the millions digit of 144122589?
4
What is the ten millions digit of 110012520?
1
What is the millions digit of 23171719?
3
What is the units digit of 81660232?
2
What is the tens digit of 107548842?
4
What is the millions digit of 54280267?
4
What is the hundred millions digit of 1188310351?
1
What is the ten thousands digit of 257994201?
9
What is the hundred millions digit of 1214072087?
2
What is the hundreds digit of 46950530?
5
What is the hundred thousands digit of 259066226?
0
What is the hundreds digit of 17160795?
7
What is the tens digit of 356661012?
1
What is the hundreds digit of 2811044451?
4
What is the units digit of 181298316?
6
What is the hundred thousands digit of 3386379409?
3
What is the hundred millions digit of 360068563?
3
What is the millions digit of 252446242?
2
What is the billions digit of 6182476312?
6
What is the ten thousands digit of 112700984?
0
What is the thousands digit of 48978548?
8
What is the units digit of 68429132?
2
What is the units digit of 112456340?
0
What is the hundred thousands digit of 730765754?
7
What is the hundreds digit of 33884303?
3
What is the hundred thousands digit of 122520307?
5
What is the millions digit of 14308856?
4
What is the hundred millions digit of 732055360?
7
What is the hundreds digit of 96391383?
3
What is the units digit of 106330452?
2
What is the hundred millions digit of 772648332?
7
What is the ten millions digit of 787365905?
8
What is the millions digit of 178954506?
8
What is the ten thousands digit of 121749304?
4
What is the thousands digit of 156441843?
1
What is the hundreds digit of 477509381?
3
What is the millions digit of 537157865?
7
What is the hundred millions digit of 3124938086?
1
What is the hundreds digit of 153543870?
8
What is the ten millions digit of 94412975?
9
What is the hundreds digit of 31781148?
1
What is the units digit of 72100162?
2
What is the tens digit of 318801958?
5
What is the hundreds digit of 488852572?
5
What is the hundred millions digit of 134952061?
1
What is the thousands digit of 2365548704?
8
What is the hundred thousands digit of 424878294?
8
What is the hundred thousands digit of 3852389452?
3
What is the thousands digit of 33832006?
2
What is the hundreds digit of 31066458?
4
What is the hundreds digit of 1375577616?
6
What is the millions digit of 133515582?
3
What is the ten millions digit of 233052995?
3
What is the hundreds digit of 54238374?
3
What is the ten thousands digit of 666800330?
0
What is the ten thousands digit of 160107516?
0
What is the millions digit of 2359156447?
9
What is the millions digit of 1019141474?
9
What is the ten millions digit of 487022758?
8
What is the ten millions digit of 75173960?
7
What is the units digit of 49122716?
6
What is the thousands digit of 19703371?
3
What is the units digit of 162406428?
8
What is the thousands digit of 35978994?
8
What is the units digit of 3838599811?
1
What is the ten thousands digit of 515292335?
9
What is the hundreds digit of 12513686?
6
What is the thousands digit of 192663669?
3
What is the ten thousands digit of 176845045?
4
What is the units digit of 649050875?
5
What is the hundreds digit of 2256725837?
8
What is the thousands digit of 332045857?
5
What is the tens digit of 865377656?
5
What is the ten thousands digit of 195849059?
4
What is the millions digit of 255215002?
5
What is the ten thousands digit of 138249174?
4
What is the tens digit of 1895321957?
5
What is the ten millions digit of 2277679527?
7
What is the hundreds digit of 182546514?
5
What is the hundreds digit of 5122248?
2
What is the millions digit of 2937744125?
7
What is the hundred thousands digit of 383968008?
9
What is the millions digit of 532683822?
2
What is the billions digit of 3969902281?
3
What is the units digit of 4040886183?
3
What is the millions digit of 98167658?
8
What is the tens digit of 75395922?
2
What is the thousands digit of 85542514?
2
What is the units digit of 184281516?
6
What is the hundreds digit of 2657848931?
9
What is the ten millions digit of 1505658347?
0
What is the units digit of 88206351?
1
What is the thousands digit of 525823611?
3
What is the hundred thousands digit of 1980422430?
4
What is the thousands digit of 9634954?
4
What is the tens digit of 385397791?
9
What is the billions digit of 2995052936?
2
What is the tens digit of 20913604?
0
What is the hundred millions digit of 2428363189?
4
What is the thousands digit of 131545017?
5
What is the hundreds digit of 636558033?
0
What is the ten thousands digit of 503327806?
2
What is the millions digit of 2740057205?
0
What is the hundreds digit of 743762507?
5
What is the hundred millions digit of 110627947?
1
What is the hundred thousands digit of 86717364?
7
What is the thousands digit of 1407502022?
2
What is the billions digit of 2352772346?
2
What is the hundred thousands digit of 34590101?
5
What is the thousands digit of 95861184?
1
What is the hundreds digit of 26856972?
9
What is the ten millions digit of 77184126?
7
What is the units digit of 33420838?
8
What is the tens digit of 644784449?
4
What is the millions digit of 42674132?
2
What is the ten thousands digit of 1290748477?
4
What is the ten millions digit of 21762422?
2
What is the hundreds digit of 4506399?
3
What is the ten thousands digit of 99464759?
6
What is the hundreds digit of 389934530?
5
What is the millions digit of 32125908?
2
What is the hundred thousands digit of 237648952?
6
What is the tens digit of 54813327?
2
What is the hundred thousands digit of 5518186075?
1
What is the ten millions digit of 11612449?
1
What is the hundreds digit of 4374426853?
8
What is the units digit of 25243879?
9
What is the units digit of 32709317?
7
What is the ten millions digit of 75200177?
7
What is the tens digit of 1640558021?
2
What is the ten millions digit of 1263059142?
6
What is the hundred thousands digit of 47804914?
8
What is the hundred thousands digit of 4457104887?
1
What is the ten millions digit of 46626139?
4
What is the units digit of 52121586?
6
What is the billions digit of 3837117632?
3
What is the ten millions digit of 161765900?
6
What is the millions digit of 2132173297?
2
What is the hundreds digit of 136946952?
9
What is the ten millions digit of 123059412?
2
What is the units digit of 32662183?
3
What is the hundreds digit of 22025710?
7
What is the units digit of 51605881?
1
What is the ten millions digit of 130017102?
3
What is the ten millions digit of 10261175?
1
What is the tens digit of 59663687?
8
What is the units digit of 493708225?
5
What is the thousands digit of 106925578?
5
What is the hundred millions digit of 874975229?
8
